What is l(-10)?
-3314
Let x(w) = w**2 + 10664*w + 5351786. Give x(-528).
-22
Let r(g) = -7*g**2 + 2621*g + 45355. Determine r(391).
-1
Let s(u) = -u**3 - 34*u**2 + 1744*u + 59256. Calculate s(-34).
-40
Let w(k) = -15*k**3 - 17*k**2 + 67*k - 11. Calculate w(-4).
409
Let d(k) = 183*k - 12793. Give d(70).
17
Let p(k) = k**3 + 810*k**2 + 1498*k - 95339. What is p(-808)?
5
Let q(v) = 2832*v**2 + 546584*v + 1541. What is q(-193)?
-3
Let o(s) = 4539*s - 968. What is o(0)?
-968
Let z(f) = 15*f**3 + 1162*f**2 - 591*f + 2577. Determine z(-78).
3
Let n(l) = -2*l**3 + 30*l**2 + 313*l + 56. What is n(-7)?
21
Let w(y) = -584*y + 46736. Calculate w(80).
16
Let f(p) = -p**3 + 28*p**2 + 28*p - 8. Determine f(0).
-8
Let c(g) = 6*g**3 - 113*g**2 - 51*g + 607. Determine c(19).
-1
Let u(x) = -190*x + 25441. Calculate u(134).
-19
Let c(n) = -1397*n + 16982. Determine c(12).
218
Let m(a) = -15*a**2 + 1379*a - 23744. What is m(69)?
-8
Let h(i) = 163*i**2 + 2637*i + 557. Give h(-16).
93
Let h(n) = n**3 + 5*n**2 + 687*n + 2028. Calculate h(-3).
-15
Let r(j) = -4*j**2 - 4882*j - 945727. Calculate r(-979).
-13
Let w(o) = -24*o**2 - 2106*o + 10. What is w(0)?
10
Let k(a) = 40*a**3 - 208*a**2 + 143*a - 712. Determine k(5).
-197
Let q(a) = a**3 + 47*a**2 + 257*a - 2897. Determine q(-38).
333
Let o(p) = 3*p**2 - 558*p - 42204. Calculate o(243).
-651
Let m(q) = 12433*q + 74600. Calculate m(-6).
2
Let h(q) = 2*q**3 + 77*q**2 + 432*q - 1044. Determine h(-31).
-21
Let o(v) = 122*v**2 + 4655*v - 451. What is o(-38)?
-1173
Let s(n) = -135*n**2 + 516*n + 4. Determine s(5).
-791
Let x(i) = 22*i**3 + 6446*i**2 - 2*i - 327. What is x(-293)?
259
Let d(o) = -11*o**2 + 2*o - 149. Give d(8).
-837
Let j(b) = -759*b**2 + 1610*b + 6. Determine j(2).
190
Let o(v) = -v**3 + 4*v**2 + 137*v + 278. Give o(14).
236
Let i(u) = 409*u**3 + 5*u**2 - 38*u - 44. Determine i(-1).
-410
Let b(g) = -7*g**2 + 6672*g - 33338. Give b(5).
-153
Let r(t) = -683*t + 269792. Determine r(395).
7
Let t(g) = -3*g**2 + 2402*g - 16782. Give t(7).
-115
Let c(v) = -v**3 - 77*v**2 + 99*v + 1594. Calculate c(-78).
-44
Let y(u) = -u**3 - 4*u**2 + 858*u + 6617. Calculate y(-8).
9
Let n(s) = -1398*s**2 + 8366*s + 134. Determine n(6).
2
Let g(o) = 17*o**3 - 1870*o**2 - o + 130. What is g(110)?
20
Let j(v) = -9*v**3 + 32*v**2 + 17*v + 30. What is j(-4)?
1050
Let f(t) = -t**3 - 2*t**2 + 73*t + 145. Determine f(10).
-325
Let w(z) = 4551*z + 263992. Give w(-58).
34
Let a(t) = -62*t**2 + 41*t + 2. Give a(3).
-433
Let z(c) = c**2 + 2*c - 10982. Give z(100).
-782
Let t(k) = -32185*k + 772433. What is t(24)?
-7
Let t(j) = -515*j + 51525. Calculate t(100).
25
Let o(z) = -1315*z**2 - 545722*z + 1237. Determine o(-415).
-8
Let g(j) = -1965*j - 51193. Determine g(-26).
-103
Let u(v) = 4080*v + 693598. What is u(-170)?
-2
Let c(i) = i**3 + 95*i**2 + 102*i - 8033. What is c(-93)?
-221
Let l(k) = -6710*k - 33286. Give l(-5).
264
Let m(y) = -2*y**3 + 141*y**2 + 1171*y - 88. Give m(78).
-10
Let b(s) = 90*s**2 - 1735*s - 5368. Give b(22).
22
Let z(w) = 472*w**2 - 167*w - 629. Determine z(-1).
10
Let q(d) = -211*d**2 + 162*d + 23. Give q(5).
-4442
Let h(a) = 2*a**3 + 1078*a**2 + 28682*a + 33725. Determine h(-511).
-1
Let s(h) = -15*h**2 - 2057*h + 421. Determine s(-138).
-1373
Let s(t) = -2632*t - 1144915. Give s(-435).
5
Let f(w) = 2*w**2 + 618*w + 21877. Calculate f(-36).
2221
Let t(r) = 784*r**3 + r**2 + 54*r - 56. What is t(1)?
783
Let k(g) = -2*g**2 + 717*g - 63732. Determine k(195).
33
Let u(n) = n**3 - 179*n**2 - 358*n - 724. Calculate u(181).
0
Let s(k) = 156*k + 17461. What is s(-115)?
-479
Let r(j) = j**3 - 97*j**2 - 2906*j - 112. Give r(-24).
-64
Let p(k) = 45*k**2 + 2116*k + 65. Determine p(-47).
18
Let y(n) = -3*n - 46. Give y(4).
-58
Let m(y) = -77*y**2 - 105*y - 135. What is m(-3)?
-513
Let n(k) = -k**3 + 7*k**2 + 86*k - 131. Determine n(-8).
141
Let t(f) = -72*f**3 - 374*f**2 + 25*f + 117. Determine t(-5).
-358
Let j(a) = -2*a**2 + 7780*a - 489726. Calculate j(64).
2
Let h(c) = 147*c**2 + 3478*c + 2197. Determine h(-23).
-34
Let o(j) = j**3 + 169*j**2 - 985*j - 394. Determine o(6).
-4
Let h(z) = 179*z - 8624. Give h(48).
-32
Let d(b) = -2366*b + 18927. Give d(8).
-1
Let t(w) = -w**3 + 281*w**2 + 2580*w + 8850. Calculate t(290).
150
Let z(p) = 7*p**3 + 311*p**2 - 31*p - 6. Give z(0).
-6
Let g(h) = -682*h**3 - 2*h**2 + 151*h + 154. What is g(-1)?
683
Let r(o) = -11*o - 1182. What is r(-83)?
-269
Let k(a) = -2*a**3 - 144*a**2 - 1622*a + 40. What is k(-58)?
-76
Let a(x) = 9*x**2 + 4148*x - 12435. What is a(3)?
90
Let z(m) = 1676*m - 36863. Give z(22).
9
Let i(y) = -28855*y**2 - 144274*y + 9. What is i(-5)?
4
Let a(x) = -6*x**2 + 43*x - 142. Calculate a(7).
-135
Let k(b) = 7350*b + 771755. Determine k(-105).
5
Let k(h) = -h**3 + 52*h**2 - 87*h + 17403. Calculate k(56).
-13
Let l(q) = 123*q**2 + 69378*q + 3354. What is l(-564)?
-30
Let y(w) = w**2 + 1338*w - 134622. Calculate y(94).
-14
Let y(i) = i**2 + 165*i + 80. Determine y(-9).
-1324
Let u(i) = -237*i + 11124. Give u(40).
1644
Let s(q) = -q**2 - 10737*q - 9850425. Give s(-1013).
-13
Let l(p) = 470*p - 18991. Give l(41).
279
Let w(d) = 2*d**3 - 252*d**2 + 267*d + 690. Determine w(125).
2815
Let q(v) = -2*v**2 - 103*v - 670. Calculate q(-8).
26
Let p(o) = -o**2 + 135*o + 676. Calculate p(-13).
-1248
Let v(y) = -819*y + 9024. What is v(1)?
8205
Let v(l) = -24136*l - 24127. Give v(-1).
9
Let u(t) = 117858*t + 117373. Calculate u(-1).
-485
Let l(a) = -1021*a - 55122. Calculate l(-54).
12
Let m(l) = -2769*l + 43774. Calculate m(16).
-530
Let w(a) = 239*a**2 - 1898*a - 14. What is w(8)?
98
Let d(g) = g**2 - 451*g - 4074. Give d(-9).
66
Let m(o) = -o**3 + 20*o**2 - 13701*o + 345657. Give m(25).
7
Let j(k) = 426*k - 3006. Determine j(25).
7644
Let h(a) = 85*a**3 + 28*a**2 + 4*a - 79. What is h(-4)?
-5087
Let t(h) = -3872*h + 54207. Determine t(14).
-1
Let c(x) = x**3 + 3*x**2 + 4*x - 51. Calculate c(-4).
-83
Let i(y) = y**3 + 1033*y**2 + 8183*y - 139. What is i(-8)?
-3
Let i(b) = -b**3 + 8*b**2 - 4995*b + 4. What is i(0)?
4
Let p(b) = -40366*b - 161610. Determine p(-4).
-146
Let r(x) = -61337*x + 3496234. Determine r(57).
25
Let r(u) = 73*u - 1363. Determine r(7).
-852
Let f(c) = c**2 + 938*c + 42744. Calculate f(-48).
24
Let r(u) = -81*u**3 - 27*u**2 + 64*u + 150. What is r(4)?
-5210
Let d(u) = -2*u**2 + 1934*u + 39487. What is d(-20)?
7
Let s(f) = 2*f**3 + 7*f**2 - 15*f - 99. Calculate s(-6).
-189
Let h(d) = 4943840*d + 9887664. Give h(-2).
-16
Let j(s) = -3*s**3 + 3377*s**2 + 8126*s - 259439. What is j(1128)?
1
Let u(k) = -k**3 - 33*k**2 - 2*k + 70. Determine u(-32).
-890
Let s(l) = 16*l**3 - 10*l**2 - 1378*l - 1369. What is s(-1)?
-17
Let a(v) = -15036*v + 165395. Calculate a(11).
-1
Let w(b) = 52*b**2 - 782*b - 2676. Calculate w(-3).
138
Let w(m) = 6*m**3 - 402*m**2 + 6733*m - 25. Give w(34).
9
Let o(z) = -z**3 - 11744*z**2 - 35199*z + 68. Calculate o(-3).
-4
Let q(u) = u**3 - 46*u**2 + 236*u - 406. Give q(40).
-566
Let n(b) = 99*b**2 + 2567*b + 15447. Calculate n(-6).
3609
Let w(j) = 26*j**2 + 20*j - 260. Determine w(-5).
290
Let d(g) = 2*g**3 - 36*g**2 - 185*g - 135. Determine d(21).
-1374
Let q(i) = 111*i**2 - 3302*i - 885. What is q(30)?
-45
Let b(v) = -v**2 - 2180*v - 43189. What is b(-20)?
11
Let r(z) = z**2 + 505*z - 289668. Determine r(342).
6
Let v(p) = p**2 - 56*p + 1155. Determine v(32).
387
Let d(p) = -76*p**2 + 45*p + 138. Give d(-5).
-1987
Let k(y) = 54549*y - 381840. Give k(7).
3
Let g(o) = -12*o**2 - 618*o - 2991. Calculate g(-5).
-201
Let s(w) = -7538*w + 188469. What is s(25)?
19
Let k(h) = 333*h - 3941. Calculate k(12).
55
Let c(n) = 90*n - 2222. Give c(56).
2818
Let m(r) = -18*r**2 + 279*r - 875. Give m(3).
-200
Let d(y) = -4197*y + 71341. Determine d(17).
-8
Let w(i) = -2244*i + 1045702. Calculate w(466).
-2
Let a(h) = -h**2 + 258*h + 4867. Calculate a(-18).
-101
Let h(b) = -813*b**2 + 20748*b - 20749. What is h(1)?
-814
Let h(g) = 26645*g - 319820. Give h(12).
-80
Let t(i) = 581*i - 50013. Determine t(86).
-47
Let t(z) = 96*z**2 - 2*z - 161. Determine t(0).
-161
Let w(l) = -l**3 + 7*l**2 + 8778*l - 78843. Determine w(9).
-3
Let n(v) = -6*v**2 + 67911*v + 271723. Determine n(-4).
-17
Let w(g) = -10*g**2 + 1787*g - 10368. Calculate w(6).
-6
Let v(w) = w**3 - 19